 h(o) be the first derivative of 1/3*o**3 - 7 - 5*o**2 + o. Calculate h(9).
-8
Suppose 4*i - 15 = 4*k + 5*i, 0 = 6*k + 3*i + 27. Let v(c) = 4*c - 2. Determine v(k).
-14
Let k(r) = -5*r + 7. Let v be k(2). Let z(u) = u + 8. Let h(l) = -4. Let n(s) = v*z(s) - 5*h(s). Determine n(3).
-13
Let c(a) = a**3 - 2*a**2 + 9*a + 4. Let u(o) = 4*o**3 - 5*o**2 + 29*o + 11. Let p(s) = -7*c(s) + 2*u(s). Determine p(-5).
-6
Suppose 3*n - w = -6*w - 9, -5*n - w = -7. Let g(t) be the first derivative of t**4/2 - 2*t**3/3 - t**2 + 3*t + 1056. Calculate g(n).
7
Suppose 0 = -3*j + 7 - 1. Let o(u) = -u**2 + 4*u - 3. What is o(j)?
1
Let l(o) = -o**3 + 4*o**2 - 4*o + 6. Let i(t) = -t**3 + 2*t**2 - 3*t + 6. Let a(d) = -2*i(d) + 3*l(d). Suppose 3*z = -0*z + 21. Calculate a(z).
13
Let n(b) = 6 + 0*b + 6*b + 0*b**2 + b**2. Suppose -2*k - k = 27. Let d be (-3)/k + 26/(-6). Give n(d).
-2
Suppose -2*i - 2 = i + 5*m, 0 = -5*i + 4*m + 9. Suppose 0 = -2*l - 8, -d + 23 = -5*l - 0. Let j(c) = -i + c**2 - d*c + 3 - c. Calculate j(3).
-1
Let i(v) = -4*v - 7. Let p = -16 - -14. Let l be i(p). Let k(d) = l - 1 + 0 + 3*d + 4. Calculate k(-4).
-8
Let a(m) = -7*m - 2*m**2 + 3*m**2 + 3*m. Suppose 26*q = -20 + 124. Calculate a(q).
0
Let l(f) = -97*f - f**2 + 106*f + 2*f**2 + 0*f**2. Let w(i) = -2*i**2 - 10*i. Let b(o) = -3*l(o) - 2*w(o). Calculate b(8).
8
Let i = -232 - -231. Let o(a) = -10*a**2 - a. Give o(i).
-9
Let d(y) = 6*y + 4. Let l(j) = 1. Let w(t) = -d(t) + 6*l(t). Let u(v) = v + 3. Let n be u(-2). Let b be (-2)/(1 + n)*-2. What is w(b)?
-10
Let h(m) = 39 + 7*m**2 - m**3 - 3*m**2 - 44. Let r(z) = -3*z**2 + 4*z - 2. Let q be r(-4). Let x be 4/(-10) - q/15. What is h(x)?
-5
Let j be (-56)/(-12) - 1/(-3). Suppose -j = -4*b + 3. Let v(n) = 97*n - 49*n + 3 - 50*n. Give v(b).
-1
Let m(l) = -l**2 + 3 - 4*l**2 + 2*l - 12 - l**3 + l**2. Let s be m(-5). Let j(k) = k**2 - 5*k + 3. Determine j(s).
9
Let c(w) be the second derivative of 0 + 1/6*w**3 - 3*w**2 + w. Let o(p) = p**3 - 19*p**2 + 17*p + 26. Let h be o(18). Determine c(h).
2
Let d(p) = p - 1. Let a be d(-2). Let i = a + 6. Let k(j) = 4*j - 3*j + j + 2 - i*j. Give k(0).
2
Let h(a) be the first derivative of -a**3/3 + 2*a**2 - a + 60. Suppose -4*w + 0*g = -g - 7, -4*w + 3*g = 3. Give h(w).
2
Let g be (-1)/(-1)*(-56)/8. Let p be 9/6 + (-6)/4. Let y(i) = -11 + i + p*i + 2*i - 4*i. Give y(g).
-4
Let g(k) = -k**2 - 11*k + 11. Suppose u - 72 = -5*d - 683, -2*d + 2*u = 254. Let q = -134 - d. Give g(q).
11
Let w = 3 - -5. Let n(r) be the first derivative of r**3/3 - 9*r**2/2 + 3*r + 75. Calculate n(w).
-5
Let b(t) = -t**2 + 6*t + 2. Let n be ((-28)/(-7))/((-4)/(-6)). Calculate b(n).
2
Let f(a) = 4*a - 7. Let h(l) = -5. Let k(c) = f(c) - 2*h(c). Give k(2).
11
Let n be -5*3*2/(-10). Let y(x) = -5*x**2 + 6*x - 7 - 8*x - x**n + 8*x. Give y(-6).
-7
Suppose 19*w + 4*k = 17*w - 38, -40 = 5*w - k. Let u(p) = -p**3 - 11*p**2 - 18*p + 5. Give u(w).
5
Let u(n) be the first derivative of 1/3*n**3 - 2*n + 2*n**2 - 5. Let g be u(1). Let k(w) = -4*w + 3. Determine k(g).
-9
Let a(r) be the second derivative of -1/3*r**4 + 2*r**2 + 0*r**3 - 1/20*r**5 - 2*r + 0. Let d(m) = m. Let v be d(-4). Calculate a(v).
4
Suppose 0 = -2*y - 0*y - 10. Let j(w) be the second derivative of -w**4/12 - w**3 + 34*w + 3. Determine j(y).
5
Let z(b) = 6 - 5*b**2 - 4*b + 12*b**2 - 6*b**2. Calculate z(4).
6
Suppose 2*k - 4*d - 43 + 9 = 0, -3*d = -k + 22. Let n(a) = 2*a**2 - 9*a - 3. Calculate n(k).
32
Let u(r) be the second derivative of r**5/20 + r**4/2 + 5*r**3/6 - 7*r**2/2 + 3*r. Let h be (-32)/(-14) + (-6)/21. Suppose 0 = -3*v + h*v - 5. Give u(v).
-7
Let c(h) = -h**2 + h - 4. Let z(b) = 3*b - 4. Let u(n) = -2*c(n) + 3*z(n). Give u(-7).
45
Let j(g) = 4*g**3 - 37*g**2 - 44*g + 31. Let l(s) = s**3 - 9*s**2 - 11*s + 8. Let k(y) = -2*j(y) + 9*l(y). What is k(8)?
-14
Suppose 44 - 14 = -3*c. Let j = c - -15. Let g(f) = -f**2 + 3*f + 5. Give g(j).
-5
Let s be -9 + 1 + (-10 - -12). Let t(n) be the first derivative of -9*n - 3/2*n**2 + 7. Determine t(s).
9
Let h be ((-312)/(-1326))/((-2)/(-17)). Let b(w) be the second derivative of -w**4/12 + w**3/3 + w. Determine b(h).
0
Let l = -11 - -14. Let k(j) = -3*j**2 + l + 2 - j**2 - 4. Determine k(-1).
-3
Suppose 0*n + n + 35 = p, 5*n - 4*p = -173. Let g = n + 38. Let u(q) = -q**3 + 6*q**2 - 2*q - 6. Calculate u(g).
9
Suppose -5*a - 3*a = 40. Let i(c) = 5*c**2 - 10*c + 4 + c**3 - 19*c + 28*c. Give i(a).
9
Let w(v) = v**3 + v**2 + v - 5. Let t = -80 + 81. Suppose 3*a = 5*p + 9, t = -2*p + a - 2. Give w(p).
-5
Suppose 5*c = c - 28. Let u(d) = 35*d + d**2 + d - 28*d - 8. Give u(c).
-15
Let s(x) be the second derivative of -1/20*x**5 - 2/3*x**3 + 1/3*x**4 + 2*x + 0 + 3*x**2. Determine s(4).
-10
Let v(u) = -u**2 - u + 7. Suppose 4*z = 3*p - 6 - 19, 0 = 2*p + 4*z + 10. Suppose -k = 3*o + p, 5 = -3*k - 4. Give v(o).
7
Let m(f) be the first derivative of -f**4/4 + 2*f**3 - f**2 - 4*f - 98. Determine m(4).
20
Let a(r) = -r - 3. Let n(y) = 3*y - 12. Let w(p) = -p + 4. Let u(v) = 6*n(v) + 17*w(v). Let t be u(7). Determine a(t).
-6
Let g(d) = d**2 + 8*d. Let k be (16/(-3))/(2/3). Determine g(k).
0
Suppose -3*o = -9*o + 24. Let x(f) = -2*f**2 + 2*f + 3. Let d(b) = -b + 1. Let w(n) = -4*d(n) + x(n). Give w(o).
-9
Let o(y) = 1 - 3 - 4 - 3*y - 5 + 7. Determine o(-4).
8
Let l be (0 + 1)/((-2)/(-14)). Let t(j) = 5*j**3 + 2*j**2 - 13*j - 5. Let k(h) = -h**3 + h**2 + h + 1. Let d(f) = 6*k(f) + t(f). What is d(l)?
1
Let o(n) be the second derivative of 3*n - 1/3*n**3 + 1/20*n**5 + 5/12*n**4 + 0 + 3/2*n**2. Let a = -77 + 72. Calculate o(a).
13
Suppose 5 = 5*b - 15. Let m(g) be the third derivative of -g**6/120 + g**5/15 + g**3/3 - 2024*g**2. Give m(b).
2
Let a(m) = m**3 - 5*m - 5. Let u(b) = 9 + 10*b + 8*b**2 - 2*b**3 + 0*b**3 - 9*b**2. Let h(o) = 7*a(o) + 4*u(o). Give h(-5).
1
Let r(s) = 7*s - 23. Let k(d) = -d + 6. Let v(a) = -4*k(a) - r(a). Calculate v(-10).
29
Let t(r) = -2*r - 24. Suppose l - 4*l = 48. Calculate t(l).
8
Let c = -40 + 29. Let l = c + 5. Let w(i) = 5*i**3 - i**2 - 4*i + 13. Let o(j) = -11*j**3 + j**2 + 8*j - 27. Let h(g) = -6*o(g) - 13*w(g). What is h(l)?
5
Let g be -25*1/(-2) + (-33)/22. Let q(f) = -g*f + 2*f**2 + 13*f - f. Suppose -b + 11 = 2*y + 2, 3 = -5*b + 2*y. Give q(b).
3
Let y(n) = 6 - 2*n - 2*n + 5*n. Let c(g) = -2*g**2 + 2*g + 10. Let x be c(3). Let t be (8 + -8)*(-1)/x. What is y(t)?
6
Let k(r) = -9*r + 25*r + 1 - 4*r - 2*r - 9*r. Suppose 2*b + 2*s - 4 = 0, b = 4*b + 2*s - 3. Determine k(b).
0
Let r(d) = d**2 - 68. Let i be r(-8). Let j(k) = -4*k - 4. Give j(i).
12
Let g(p) = p**2 - 11*p - 5 - 1 - 4 + 12. Calculate g(10).
-8
Let l(z) be the second derivative of -2*z**3/3 - 35*z**2/2 - 20*z. Let n be l(-9). Let v(u) = 0*u**2 - 4*u**2 - 1 + u**2. Calculate v(n).
-4
Let x(g) = 25 + 13 + 3*g + 21 + 14 - 60. What is x(-7)?
-8
Suppose -32*o = -22*o - 20. Let z(w) = -5*w**2 + w + 1. Calculate z(o).
-17
Suppose -p - 3*p + 18 = 2*g, -2*g + p + 18 = 0. Suppose 96*j = 91*j - 10, 2*j + 16 = 2*o. Let z(b) = 4*b**2 - g*b**2 + b**3 - 2 + o. Give z(4).
-12
Let w(n) = -16*n**2 - n - 1. Let g be 9 + (-12)/(3 + 1). Suppose g = x - 4*x. Let l be -1*(-4)/8*x. What is w(l)?
-16
Let p(l) = 8 - 4*l**2 + 33*l**3 - 3 + 0 - 34*l**3. What is p(-4)?
5
Let z(c) = 2*c**3 - c. Suppose -126*q + 235 = -121*q. Let f = q + -46. Give z(f).
1
Let u(s) = -s**2 - s + 10. Let v(j) = -j**3 + 14*j**2. Suppose 0 = -5*d - 3*o + 70, 3*o - 14 = -d + 7*o. Let z be v(d). What is u(z)?
10
Suppose -2*z - 68 = -2. Let o be (-6)/z - (-60)/33. Let m(d) = d**3 - d**2 - d. What is m(o)?
2
Let w(g) = -g - 9. Let l be w(-14). Let p(q) = q**3 - 4*q**2 - 3*q + 4. Let a be p(l). Let k(v) = -22*v**2 + a*v**2 - 6 + v**3 + 9*v**2. What is k(0)?
-6
Let l = -8 - -4. Let y be 5/2*(l - -6). Let h(d) = d**3 - 4*d**2 - 6*d + 4. Calculate h(y).
-1
Let p(s) = -s**3 - 5*s**2 - 5*s. Let z be p(-4). Let d be (-55)/77 - 38/(-14). Let c(t) = 1 + z*t - 3 + t - 2*t**2 + 3*t**d. Determine c(-5).
-2
Let u(n) = -n**3 + 3*n**2 + 7*n - 7. Suppose 0 = 30*t - 146 + 26. What is u(t)?
5
Suppose -5 = -4*x + 3. Let p(r) = r**2 + 3 - x*r - r - 2*r. Suppose 4*y - 12 + 0 = 0. Give p(y).
-3
Suppose 5 = 5*y - 5*t, -2*t - 17 + 45 = 3*y. Let x(o) be the second derivative of o**3 - 1/2*o**2 - o - 1/12*o**4 + 0. What is x(y)?
